 3554*c + 4*q, 3*q + 144 = 5*c. What is the remainder when 1201 is divided by c?
13
Let d be 2/(-6) - 14/(-6). Suppose 151*p - 135*p - 208 = 0. Calculate the remainder when (176/2 + d)*1 is divided by p.
12
Suppose -4*d = -0*d - g - 55, 3*g = 5*d - 67. Calculate the remainder when (207/5 - 92/23) + (-2)/5 is divided by d.
9
Suppose -26388 + 80334 = -130*y + 616*y. Calculate the remainder when y is divided by 66.
45
Let f = -15088 + 18197. Calculate the remainder when f is divided by 18.
13
Let j(z) = z**3 + 5*z**2 - 2*z - 1. Suppose -2156*k = -2150*k - 594. Calculate the remainder when k is divided by j(-4).
7
Suppose -2*x = -24*m - x + 1791, -207 = -3*m + 2*x. What is the remainder when 1703 is divided by m?
53
Let u = 40 + -31. Suppose 4*d + u = 165. Let n = -24 + d. What is the remainder when n is divided by 5?
0
Let i = 13420 - 12726. What is the remainder when i is divided by 39?
31
Suppose 0 = -3*w + 5*a + 210, -3*w - 3*a + 210 = 2*a. Let f(h) = -74*h + 624. What is the remainder when w is divided by f(8)?
6
Suppose 29*x - 25*x = 3*g - 53, 0 = 2*x - 8. What is the remainder when 5752 is divided by g?
2
Suppose 61*v - 127*v = -59*v - 16919. What is the remainder when v is divided by 13?
12
Let m(d) = 2*d**2 + 4*d - 12. Let w be m(4). Suppose z + 265 = 4*z + i, -25 = 5*i. Calculate the remainder when z is divided by -4 - (9/(-4))/(3/w).
21
Suppose -g - 13 - 57 = 0. Let f = g + 117. Suppose -56 = -2*s + 6*k - 2*k, 2*k = 3*s - 76. What is the remainder when f is divided by s?
23
Suppose -4*y - 149*l + 478 = -144*l, -5*l = y - 142. Calculate the remainder when y is divided by 35.
7
Calculate the remainder when 36320/136 + (-7)/119 is divided by (30/(-20))/(3/(-134)).
66
Let h = 229232 - 229218. Calculate the remainder when 364 - -3*(-6)/9 is divided by h.
12
Let n = 4817 - 4720. What is the remainder when n is divided by 81?
16
Suppose 2*x + 22 - 12 = 0, 5*x = -5*m + 65. Calculate the remainder when 1001 is divided by m.
11
Calculate the remainder when ((-75)/45)/(15/(-4374)) is divided by 17.
10
Calculate the remainder when 192 is divided by 1/(2/(-9) + 330/1242).
8
Suppose 4*p + 4 = 0, -4*c = 64*p - 63*p - 187. Calculate the remainder when 1824 is divided by c.
38
Suppose -11 = 5*l - 3*k, 7*l + 4 = 3*l + 4*k. Let g(q) = 1 - 5*q + 4*q + 2 - 3*q. Calculate the remainder when 55 is divided by g(l).
17
Let b be (28/(-56))/((-2)/(-16)). What is the remainder when (4/b)/(507/127 - 4) is divided by 69?
58
Suppose 0 = -2*a + 968*o - 963*o - 11, 74 = 5*a + 2*o. What is the remainder when 52 is divided by a?
4
Suppose -11*a + 9351 = 8526. Calculate the remainder when 1424 is divided by a.
74
Let j = -5056 - -5246. What is the remainder when j is divided by 82?
26
Calculate the remainder when 7022 is divided by (-1 + -4)*(-26 + -37 + 26).
177
Let d(c) = -c**3 + 42*c**2 - 150*c - 73. Calculate the remainder when 2612 is divided by d(38).
2
Let t be 175/4 + 19/76. Suppose -1 = p + t. Let u = 99 + p. Calculate the remainder when u is divided by 14.
12
Let x = -14517 + 15530. What is the remainder when x is divided by 78?
77
Suppose -567 = 2*r - 5*r - 3*p, 0 = -4*p - 4. Suppose 0 = 5*b - 5*i - 235, -3*b + 5*i + r = b. What is the remainder when 89 is divided by b?
44
Let m(x) = 170*x**2 + x + 2. Let z be m(-1). Suppose 19*h - z - 2166 = 0. Calculate the remainder when h is divided by 21.
18
Suppose 0 = 3*y - 184 + 97. Suppose 20 - y = -u. Let q(w) = 5*w - 37. Calculate the remainder when 35 is divided by q(u).
3
Suppose 9*r - 460 - 971 = 0. What is the remainder when (6/18)/(1/r*1) is divided by 16?
5
Suppose -6*o + 56 = 2*o. What is the remainder when 116 is divided by -1*7/o - -11?
6
Suppose -1619*j + 4*n = -1622*j + 8341, n = -2*j + 5554. What is the remainder when j is divided by 2773?
2
Let k(c) = -94*c + 3465. Let w(l) = -l**2 + 5*l - 1. Let q be w(7). Let m = 29 + q. What is the remainder when k(36) is divided by m?
11
Suppose z = -2*z + 9. Let l(c) = 2*c**3 - 5*c**2 + 5*c - 3. Suppose -a - 9 = -88. What is the remainder when a is divided by l(z)?
16
Let d = 1755 - 1752. Let g(h) = -5*h + 19. Calculate the remainder when g(d) is divided by (2/((-4)/6))/(-1).
1
Let q = 133 - 131. What is the remainder when 107 + 0 + (-3 - -5) - q is divided by 18?
17
Let y(i) = 2*i**3 - 62*i**2 + 62*i - 17. Calculate the remainder when 378/3 - (-18)/63*7 is divided by y(30).
42
Let b(j) = 724*j - 1383. Let p(i) = -81*i. Calculate the remainder when p(-4) is divided by b(2).
64
Suppose 40*a = 107*a - 41272. What is the remainder when a is divided by 103?
101
Suppose -4*j = 9*j + 8*j - 1974. Let d(q) = q**2 + 6*q + 6. What is the remainder when j is divided by d(-6)?
4
Suppose 4*x = 3938 - 126. Suppose 5*q - x = -123. What is the remainder when q is divided by 10?
6
Let y = -512 - -360. Let d(q) = 200*q + 13. Let x be d(1). Let s = x + y. What is the remainder when s is divided by 11?
6
Let m(s) be the third derivative of -s**6/120 + 7*s**5/60 + 17*s**4/24 - 7*s**3 + 49*s**2. What is the remainder when m(8) is divided by 21?
9
What is the remainder when ((-1)/(-6) + (-1)/(-12))*1508 is divided by 82?
49
Suppose 0 = -5*r + r + 96. Suppose 26*d - 22 = r*d. Calculate the remainder when 41 is divided by d.
8
Suppose 0 = 15*l - 22 - 8. Suppose 131 = l*a + 43. Let n = a + -37. Calculate the remainder when 41 is divided by n.
6
Let i = 19787 - 19585. What is the remainder when i is divided by 7?
6
Let c(w) = -7*w - 9. Let m(p) = -2*p + 53. Let v be m(24). Suppose -y - 62 = -3*y + 5*g, -v*g - 83 = -3*y. Calculate the remainder when c(-7) is divided by y.
19
What is the remainder when 637 is divided by 6/((-21)/(-6)*(-7 - (-1990)/280))?
13
Let p(b) = -b**3 - 2*b**2 - b + 1031. Let m be p(0). Let q be 2/(-5) + (-201)/(-15). Suppose 433 = -q*s + m. What is the remainder when s is divided by 8?
6
Let y(r) = 3*r**2 + r - 24. Let k(v) = -v**2 + 8. Let h(f) = -7*k(f) - 2*y(f). What is the remainder when -5 - 3916/(-36) - (-6)/27 is divided by h(7)?
23
Let d = 6 - -26. What is the remainder when 47 + 3 + (-24 - -13) is divided by d?
7
Let r(f) = 17*f**2 - 18*f + 109. What is the remainder when r(-6) is divided by 178?
117
Let g be 1/(-2) - 34/(-4). Let x(k) be the second derivative of -k**4/6 + 3*k**3 - 5*k**2 + 3521*k. What is the remainder when 17 is divided by x(g)?
5
Suppose 54*b - 62*b = -80. Let j be (-7 + 1)*(0 - 1). Let u(y) = 2*y**2 - 10*y + 13. Calculate the remainder when u(j) is divided by b.
5
Suppose 4*p = t + 2*t - 33, -22 = -2*t + p. Suppose 3*g - 175 = 5*l + 312, -4*g - 2*l + 658 = 0. Calculate the remainder when g is divided by t.
10
Suppose 2*m + 883 = 3*j + 3*m, 5*j - 2*m - 1479 = 0. Suppose j*r - 291*r = 1276. What is the remainder when r is divided by 81?
76
Suppose 9*z - 67 = -40. Suppose -f = -15 + z. What is the remainder when 80 is divided by f?
8
Let a(w) = w**2 + 4*w - 67. Let t be a(-17). Let z = -151 + t. Calculate the remainder when 12 is divided by z.
0
Suppose -5960 = 16*n + 1368. Let i = n - -478. Calculate the remainder when 26 is divided by i.
6
Suppose 0 = 12*f - 646 + 142. Suppose 0 = 2*k - v - 14, -8*k - 5*v + f = -4*k. Calculate the remainder when 41 is divided by k.
1
Let z be (-6)/24 - 141/(-4). Suppose -3*b = -z - 4. Calculate the remainder when b is divided by (-4)/(-12) + (42/9 - 0).
3
Suppose -5*f - 286 = -2*h - 0*f, 2*h = -f + 298. Suppose v - 4 = -3*m, -2*v + 3*m = -25 - 46. Calculate the remainder when h is divided by v.
23
Suppose 0 = -7*w + 21 + 7. Suppose 5*n - w*n = 68. Suppose 4*f = n + 24. Calculate the remainder when 114 is divided by f.
22
Suppose -5*d = 10*d - 3285. What is the remainder when d is divided by -3 - (-1 + 0) - (-45 + -1)?
43
Let n = 2086 + -1162. Suppose 2*c + 1272 = 2*v, -4*v - 5*c + 1665 + n = 0. What is the remainder when v is divided by 14?
11
Suppose 3*b + 3*s - 8*s + 307 = 0, 3*b + s + 277 = 0. Let y = b + 112. What is the remainder when 161 is divided by y?
17
Suppose 103*y - 5770 = -1101 + 5940. What is the remainder when 1152 is divided by y?
19
Let s = -951 - -1204. Suppose 3*q = -q + 36. Calculate the remainder when s/17 - (-12 - (-1414)/119) is divided by q.
6
Suppose 0 = -115*a + 106*a + 216. Suppose 274 = 3*c + g, 4*c - g = 3*g + 344. What is the remainder when c is divided by a?
18
Let b = -24